 + 3*k. What are the prime factors of s?
2, 11
Let z be (-546)/17 - 10/(-85). Let f = z - -35. Suppose f*j - 29 = 76. List the prime factors of j.
5, 7
Let u = 180 + -121. List the prime factors of u.
59
Suppose -7 = j + 2*w, -3*j + 2*w = w + 7. List the prime factors of (-200)/(-5) - ((-6)/j - 1).
3, 13
Let v = 18 - -5. Let g = v + -21. Suppose -g*o - o + 2*j = -105, -5*o + 175 = 2*j. List the prime factors of o.
5, 7
Let d = 3417 - 2078. List the prime factors of d.
13, 103
Let y = -53 + 67. Suppose 756 = -y*p + 18*p. What are the prime factors of p?
3, 7
List the prime factors of 6022/6 + -3 + (-10)/(-3).
2, 251
Suppose 0 = -3*x - 5*u + 13832, 12*u - 4620 = -x + 8*u. What are the prime factors of x?
2, 1151
Suppose 11315 = 6*m - 2131. List the prime factors of m.
3, 83
Let i(j) = 244*j - 1. What are the prime factors of i(2)?
487
Let j = -53 - -35. Let l = -15 - j. Suppose -l*h + 30 = -h. List the prime factors of h.
3, 5
Suppose -601 - 671 = -4*d. Suppose 3*x - d + 21 = 0. What are the prime factors of x?
3, 11
Let l(n) = -n**3 - 6*n**2 + 8*n + 6. Let q be l(-7). Let h be q*1 + (4 - -4). Suppose h*j = 2*j + 125. What are the prime factors of j?
5
Let s = -25 + 19. Let u = 10 + s. Suppose 2*n + 76 = u*n. What are the prime factors of n?
2, 19
Let m(v) = 127*v**2 - 2*v. What are the prime factors of m(2)?
2, 3, 7
Suppose -5*y + 3143 = -2*z - 254, 0 = -5*y - 2*z + 3413. List the prime factors of y.
3, 227
Let p(h) = 4 - 1 + h**2 - 6 + 5 - 4*h. Let x be p(4). List the prime factors of x/3*(27 - -3).
2, 5
Let v = 844 - 347. What are the prime factors of v?
7, 71
Let z = 36 - 40. List the prime factors of (126/z)/9*-12.
2, 3, 7
What are the prime factors of 81*(14/119 + 328/102)?
2, 3, 5
What are the prime factors of 382098/903 + -1 + (-12)/(-14)?
3, 47
Let b = -19 - -17. What are the prime factors of ((5 - 3) + -400)/(4/b)?
199
Let u = -3 - -1. What are the prime factors of 325/(-10)*u*1?
5, 13
Let y = -86 - -60. Let p = y - -73. List the prime factors of p.
47
Let h(q) = -q. Let x be h(-8). Suppose -13*z + 11*z = -x. Suppose -47 = -2*c + 3*w, -20 = -z*c + 5*w + 69. List the prime factors of c.
2
Let b(y) = -6*y**3 + 19*y**2 + 6*y. List the prime factors of b(-8).
2, 5, 53
Let k(q) = 12*q**2 + q. Let m be k(1). Suppose m = 2*r - 109. What are the prime factors of r?
61
Let s(i) = -2*i**3 - 21*i**2 - 26*i - 34. List the prime factors of s(-14).
2, 23, 37
Suppose 1 = -4*y + 13. Suppose y*l + 34 - 13 = 0. Let d(f) = 2*f**2 + 12*f - 4. What are the prime factors of d(l)?
2, 5
Let z = -2 - -9. Let y(f) = 17*f - 33. What are the prime factors of y(z)?
2, 43
Let g(l) = 3*l - 49. Let b be g(18). Suppose -2*o - d + 434 = 0, -b*o + 62 + 1017 = 4*d. What are the prime factors of o?
3, 73
Let z = 7 + -13. Let f be 24/(-36) + (-28)/z. Suppose 79 = f*t - 1. What are the prime factors of t?
2, 5
Let f(m) = -54*m - 30. Let w(j) = 11*j + 6. Let h(v) = -5*f(v) - 24*w(v). List the prime factors of h(9).
2, 3, 5
Suppose 36*l + 5573 = 40*l - 5*y, -3*y + 2803 = 2*l. List the prime factors of l.
11, 127
Suppose -4*z - 3 = -5*z. Suppose 5*p + 0*s + 4*s = 179, 125 = z*p - 2*s. Let r = p + -19. List the prime factors of r.
2, 5
Suppose -l = -3*m - 112, 333 = 4*l + m - 167. Let a(c) = c**3 + 6*c**2 - 2*c - 9. Let u be a(-6). Suppose -w + l = u*w. List the prime factors of w.
31
Let l(c) = 4*c**3 - 6*c**2 + 21*c - 146. List the prime factors of l(6).
2, 157
Suppose -16 = -5*k - 2*j, -5*k - 3*j + 14 = -0*k. Suppose 30 = k*r - 2*r. What are the prime factors of r?
3, 5
Suppose 3*j = 5 - 2. Let i(d) = 4*d**3 + 2*d**3 + 19*d**3 + d. List the prime factors of i(j).
2, 13
Suppose 2*w + 3*w = 265. Suppose 5*j - 52 = w. List the prime factors of j.
3, 7
Suppose 2*d - 392 = 228. Suppose -3*a + 185 = -d. List the prime factors of a.
3, 5, 11
Suppose 0 = -m + 2 + 3. Suppose -k = 4*j - 0*j - 1, -3*k - m = 4*j. List the prime factors of 17/2 + k/(-2).
2, 5
Let u = 1238 - 633. List the prime factors of u.
5, 11
Suppose 3*s - f = 1410, s - 5*s + 3*f + 1880 = 0. Suppose 46*j + s = 51*j. List the prime factors of j.
2, 47
Let s = -1739 - -3759. List the prime factors of s.
2, 5, 101
List the prime factors of (262/3)/((-27)/(-243)).
2, 3, 131
Suppose 75 - 21 = 9*f. What are the prime factors of f?
2, 3
Let l(x) = 95*x**2 - 10*x + 86. What are the prime factors of l(5)?
2411
Let i(t) = -17*t + 25. Let o(u) = 1. Let q(y) = i(y) - 3*o(y). List the prime factors of q(-3).
73
What are the prime factors of (-485*(-11)/110)/(2/12)?
3, 97
Suppose -11 = 8*s + 13. List the prime factors of 87*s/((-36)/8).
2, 29
Let y(j) = 4*j**3 - 72*j**2 + 23*j + 20. List the prime factors of y(18).
2, 7, 31
Let w(u) = 2*u**3 - 4*u**2 + u. Let a be w(2). What are the prime factors of (-2 + 5/3)/(a/(-414))?
3, 23
What are the prime factors of 23/(-92) - (-18996)/16?
1187
Let k(r) = 64*r**2 - 234*r + 8. List the prime factors of k(7).
2, 3, 251
Suppose 242 + 93 = -5*q - 5*s, s = -3*q - 193. What are the prime factors of 1504/6 + (-7)/(q/(-6))?
2, 5
Suppose -4*u - 69 = r - 393, 0 = 4*r - 3*u - 1334. List the prime factors of r.
2, 83
Suppose 5*l - 43*m - 1781 = -44*m, 0 = -3*l + 3*m + 1083. What are the prime factors of l?
3, 7, 17
Let q(a) = a + 35. Let r be q(7). Let k = r - 6. List the prime factors of k.
2, 3
Let u(r) = 10*r**2 + 2*r + 7. Let l be u(-4). Suppose 34*n = 37*n - l. List the prime factors of n.
53
Let j be (-822)/4*(3 + -2)*-2. Suppose 0 = 5*i - 154 - j. What are the prime factors of i?
113
Suppose -4*v - 16 = 0, -2*c = v - 325 - 339. List the prime factors of c.
2, 167
What are the prime factors of ((-8)/10)/(-20 + 2475858/123795)?
2, 3, 131
Let y(i) = 2*i - 2*i + 3*i - 17 + 3 + i**2. Let s be y(-6). Let u(t) = 2*t**2 - 2*t + 1. What are the prime factors of u(s)?
5
Let n(b) = 5*b + 3. Let v be n(4). Let u = 143 + v. What are the prime factors of u?
2, 83
Let h be (-80)/((-8)/12*1). Suppose 7*i - h = 2*i. List the prime factors of i.
2, 3
Let g be 1/(-7) + (-125)/7. What are the prime factors of (-9)/g*10*1?
5
Let v = 32 + -35. Let n(k) = -13*k + 3. What are the prime factors of n(v)?
2, 3, 7
Let q(j) = 29*j**2 - 18*j - 25. What are the prime factors of q(-4)?
7, 73
Suppose 0 = -8*z + 4*z + 68. Let b = -18 + z. What are the prime factors of b/(-5) + (-1708)/(-35)?
7
Let v(a) = -a**3 - 10*a**2 - 11*a - 14. Let w be v(-9). What are the prime factors of 0/(1 + w) - -80?
2, 5
Let t(b) = b**3 + 4*b**2 - 8*b - 6. Let u be t(-4). Let c = -10 + u. List the prime factors of c.
2
Suppose -d = -450 - 209. What are the prime factors of d?
659
Let a = -27 - -33. Suppose a*c - 159 = 51. What are the prime factors of c?
5, 7
Let h = -29 - -30. Let j be -1 - (-13 + 2)*h. Let d = j + 12. List the prime factors of d.
2, 11
Suppose 560 = 37*q - 439. List the prime factors of q.
3
Suppose 11*a - 13*a = 2, 5*a + 801 = 2*r. List the prime factors of r.
2, 199
Suppose 9*c - 4*c - 40 = 0. Let l(h) = 2*h - 11. Let r be l(c). Suppose -4*o = r*w - 132, 2*o = -w + 3 + 27. What are the prime factors of w?
2, 3
What are the prime factors of (-476)/70*-10*10?
2, 5, 17
Suppose 5*d + 2440 = 15*b - 10*b, 2*d + 2440 = 5*b. What are the prime factors of b?
2, 61
List the prime factors of ((-4)/1*2)/((-6)/12).
2
Let g = 3 + -4. Let c(v) = -6*v. Let z be c(g). Suppose -13 = 5*w - z*w. List the prime factors of w.
13
Let m be (24/9 + -2)*(708 + 6). Let o = -229 + m. What are the prime factors of o?
13, 19
Suppose -21 + 3 = i. Let r = -70 - 98. What are the prime factors of (6/4)/(i/r)?
2, 7
Suppose 2*j - 12 = -0*j - 2*a, -4*j = 5*a - 20. Let p(d) = -d**2 + 15*d + 2. Let y be p(j). Let s = y - -1. List the prime factors of s.
53
Let z(c) = c + 5. Let h = 65 + -13. Suppose 3*j - 3*q = q + h, 4*q - 76 = -5*j. What are the prime factors of z(j)?
3, 7
Suppose -6300 = 1969*c - 1978*c. What are the prime factors of c?
2, 5, 7
What are the prime factors of 456*7/(-63)*-9?
2, 3, 19
Let s be (-6)/(-9)*45/10 - 173. Let n = -105 - s. List the prime factors of n.
5, 13
List the prime factors of (9 - 4704)*(-7)/21.
5, 313
Suppose 5*c + 5*k = 425, c + 2*k = -3*k + 77. List the prime factors of c.
3, 29
Suppose f + 2*j + 2 = 0, -f - 2*f + 4 = j. Suppose 0 = -6*i + i + 180. What are the prime factors of i*(1 - f/6)?
2, 3
Suppose 5*r + 15 = -3*k, 2*r 